[INFO] cloning repository https://github.com/dignifiedquire/cryptasm
[INFO] running `Command { std: "git" "-c" "credential.helper=" "-c" "credential.helper=/workspace/cargo-home/bin/git-credential-null" "clone" "--bare" "https://github.com/dignifiedquire/cryptasm" "/workspace/cache/git-repos/https%3A%2F%2Fgithub.com%2Fdignifiedquire%2Fcryptasm", kill_on_drop: false }`
[INFO] [stderr] Cloning into bare repository '/workspace/cache/git-repos/https%3A%2F%2Fgithub.com%2Fdignifiedquire%2Fcryptasm'...
[INFO] running `Command { std: "git" "rev-parse" "HEAD", kill_on_drop: false }`
[INFO] [stdout] 601f755662c80d75bf56b0f1d8857658a2e6fe52
[INFO] checking dignifiedquire/cryptasm against master#af3c6e733a40e671550e0f0f5aeecaa13772ba56 for pr-74989
[INFO] running `Command { std: "git" "clone" "/workspace/cache/git-repos/https%3A%2F%2Fgithub.com%2Fdignifiedquire%2Fcryptasm" "/workspace/builds/worker-2/source", kill_on_drop: false }`
[INFO] [stderr] Cloning into '/workspace/builds/worker-2/source'...
[INFO] [stderr] done.
[INFO] validating manifest of git repo https://github.com/dignifiedquire/cryptasm on toolchain af3c6e733a40e671550e0f0f5aeecaa13772ba56
[INFO] running `Command { std: "/workspace/cargo-home/bin/cargo" "+af3c6e733a40e671550e0f0f5aeecaa13772ba56" "read-manifest" "--manifest-path" "Cargo.toml", kill_on_drop: false }`
[INFO] removed /workspace/builds/worker-2/source/.cargo/config
[INFO] started tweaking git repo https://github.com/dignifiedquire/cryptasm
[INFO] removed path dependency aes from git repo https://github.com/dignifiedquire/cryptasm
[INFO] finished tweaking git repo https://github.com/dignifiedquire/cryptasm
[INFO] tweaked toml for git repo https://github.com/dignifiedquire/cryptasm written to /workspace/builds/worker-2/source/Cargo.toml
[INFO] crate git repo https://github.com/dignifiedquire/cryptasm already has a lockfile, it will not be regenerated
[INFO] running `Command { std: "/workspace/cargo-home/bin/cargo" "+af3c6e733a40e671550e0f0f5aeecaa13772ba56" "fetch" "--locked" "--manifest-path" "Cargo.toml", kill_on_drop: false }`
[INFO] [stderr] warning: dependency (aes) specified without providing a local path, Git repository, or version to use. This will be considered an error in future versions
[INFO] [stderr]     Blocking waiting for file lock on package cache
[INFO] [stderr]     Updating crates.io index
[INFO] [stderr] error: the lock file /workspace/builds/worker-2/source/Cargo.lock needs to be updated but --locked was passed to prevent this
[INFO] [stderr] If you want to try to generate the lock file without accessing the network, use the --offline flag.
[INFO] the lockfile is outdated, regenerating it
[INFO] running `Command { std: "/workspace/cargo-home/bin/cargo" "+af3c6e733a40e671550e0f0f5aeecaa13772ba56" "generate-lockfile" "--manifest-path" "Cargo.toml" "-Zno-index-update", kill_on_drop: false }`
[INFO] [stderr]     Blocking waiting for file lock on package cache
[INFO] [stderr]     Updating git repository `https://github.com/alexcrichton/wasm-bindgen`
[INFO] running `Command { std: "/workspace/cargo-home/bin/cargo" "+af3c6e733a40e671550e0f0f5aeecaa13772ba56" "fetch" "--locked" "--manifest-path" "Cargo.toml", kill_on_drop: false }`
[INFO] [stderr] warning: dependency (aes) specified without providing a local path, Git repository, or version to use. This will be considered an error in future versions
[INFO] [stderr]     Blocking waiting for file lock on package cache
[INFO] running `Command { std: "docker" "create" "-v" "/var/lib/crater-agent-workspace/builds/worker-2/target:/opt/rustwide/target:rw,Z" "-v" "/var/lib/crater-agent-workspace/builds/worker-2/source:/opt/rustwide/workdir:ro,Z" "-v" "/var/lib/crater-agent-workspace/cargo-home:/opt/rustwide/cargo-home:ro,Z" "-v" "/var/lib/crater-agent-workspace/rustup-home:/opt/rustwide/rustup-home:ro,Z" "-e" "SOURCE_DIR=/opt/rustwide/workdir" "-e" "CARGO_TARGET_DIR=/opt/rustwide/target" "-e" "CARGO_HOME=/opt/rustwide/cargo-home" "-e" "RUSTUP_HOME=/opt/rustwide/rustup-home" "-w" "/opt/rustwide/workdir" "-m" "1610612736" "--user" "0:0" "--network" "none" "rustops/crates-build-env@sha256:d92eaeed33fa75130ca1ee6c8a01d1ffb62bac859dfdfb3450e3e5d1c0146529" "/opt/rustwide/cargo-home/bin/cargo" "+af3c6e733a40e671550e0f0f5aeecaa13772ba56" "metadata" "--no-deps" "--format-version=1", kill_on_drop: false }`
[INFO] [stderr] WARNING: Your kernel does not support swap limit capabilities or the cgroup is not mounted. Memory limited without swap.
[INFO] [stdout] 7d49a5d6694622142f8033fde1e37d114163cb3f111ae294b4dbeb429b2124f8
[INFO] running `Command { std: "docker" "start" "-a" "7d49a5d6694622142f8033fde1e37d114163cb3f111ae294b4dbeb429b2124f8", kill_on_drop: false }`
[INFO] running `Command { std: "docker" "inspect" "7d49a5d6694622142f8033fde1e37d114163cb3f111ae294b4dbeb429b2124f8", kill_on_drop: false }`
[INFO] running `Command { std: "docker" "rm" "-f" "7d49a5d6694622142f8033fde1e37d114163cb3f111ae294b4dbeb429b2124f8", kill_on_drop: false }`
[INFO] [stdout] 7d49a5d6694622142f8033fde1e37d114163cb3f111ae294b4dbeb429b2124f8
[INFO] running `Command { std: "docker" "create" "-v" "/var/lib/crater-agent-workspace/builds/worker-2/target:/opt/rustwide/target:rw,Z" "-v" "/var/lib/crater-agent-workspace/builds/worker-2/source:/opt/rustwide/workdir:ro,Z" "-v" "/var/lib/crater-agent-workspace/cargo-home:/opt/rustwide/cargo-home:ro,Z" "-v" "/var/lib/crater-agent-workspace/rustup-home:/opt/rustwide/rustup-home:ro,Z" "-e" "SOURCE_DIR=/opt/rustwide/workdir" "-e" "CARGO_TARGET_DIR=/opt/rustwide/target" "-e" "CARGO_INCREMENTAL=0" "-e" "RUST_BACKTRACE=full" "-e" "RUSTFLAGS=--cap-lints=forbid" "-e" "CARGO_HOME=/opt/rustwide/cargo-home" "-e" "RUSTUP_HOME=/opt/rustwide/rustup-home" "-w" "/opt/rustwide/workdir" "-m" "1610612736" "--user" "0:0" "--network" "none" "rustops/crates-build-env@sha256:d92eaeed33fa75130ca1ee6c8a01d1ffb62bac859dfdfb3450e3e5d1c0146529" "/opt/rustwide/cargo-home/bin/cargo" "+af3c6e733a40e671550e0f0f5aeecaa13772ba56" "check" "--frozen" "--all" "--all-targets" "--message-format=json", kill_on_drop: false }`
[INFO] [stdout] b5a4e942fc52252ae879a0ee1bb947e93111b09912a812a62456eff3d03b61e8
[INFO] [stderr] WARNING: Your kernel does not support swap limit capabilities or the cgroup is not mounted. Memory limited without swap.
[INFO] running `Command { std: "docker" "start" "-a" "b5a4e942fc52252ae879a0ee1bb947e93111b09912a812a62456eff3d03b61e8", kill_on_drop: false }`
[INFO] [stderr] warning: dependency (aes) specified without providing a local path, Git repository, or version to use. This will be considered an error in future versions
[INFO] [stderr]    Compiling proc-macro2 v1.0.21
[INFO] [stderr]    Compiling unicode-xid v0.2.1
[INFO] [stderr]    Compiling log v0.4.11
[INFO] [stderr]    Compiling version_check v0.9.2
[INFO] [stderr]    Compiling typenum v1.12.0
[INFO] [stderr]    Compiling syn v1.0.40
[INFO] [stderr]    Compiling wasm-bindgen-shared v0.2.66 (https://github.com/alexcrichton/wasm-bindgen#bc8cbb9e)
[INFO] [stderr]    Compiling cfg-if v0.1.10
[INFO] [stderr]    Compiling bumpalo v3.4.0
[INFO] [stderr]    Compiling lazy_static v1.4.0
[INFO] [stderr]    Compiling byteorder v1.3.4
[INFO] [stderr]    Compiling wasm-bindgen v0.2.66 (https://github.com/alexcrichton/wasm-bindgen#bc8cbb9e)
[INFO] [stderr]     Checking opaque-debug v0.3.0
[INFO] [stderr]    Compiling generic-array v0.14.4
[INFO] [stderr]    Compiling quote v1.0.7
[INFO] [stderr]     Checking block-cipher v0.8.0
[INFO] [stderr]     Checking aes-soft v0.5.0
[INFO] [stderr]     Checking aes v0.5.0
[INFO] [stderr]    Compiling wasm-bindgen-backend v0.2.66 (https://github.com/alexcrichton/wasm-bindgen#bc8cbb9e)
[INFO] [stderr]    Compiling wasm-bindgen-macro-support v0.2.66 (https://github.com/alexcrichton/wasm-bindgen#bc8cbb9e)
[INFO] [stderr]    Compiling wasm-bindgen-macro v0.2.66 (https://github.com/alexcrichton/wasm-bindgen#bc8cbb9e)
[INFO] [stderr]     Checking cryptasm v0.1.0 (/opt/rustwide/workdir)
[INFO] [stdout] error[E0433]: failed to resolve: could not find `AES` in `aes`
[INFO] [stdout]   --> src/lib.rs:10:24
[INFO] [stdout]    |
[INFO] [stdout] 10 |     let mut ctx = aes::AES::new(aes::Size::AES128, aes::Mode::CTR, key, iv);
[INFO] [stdout]    |                        ^^^ could not find `AES` in `aes`
[INFO] [stdout] 
[INFO] [stdout] 
[INFO] [stdout] error[E0433]: failed to resolve: could not find `Size` in `aes`
[INFO] [stdout]   --> src/lib.rs:10:38
[INFO] [stdout]    |
[INFO] [stdout] 10 |     let mut ctx = aes::AES::new(aes::Size::AES128, aes::Mode::CTR, key, iv);
[INFO] [stdout]    |                                      ^^^^ could not find `Size` in `aes`
[INFO] [stdout] 
[INFO] [stdout] 
[INFO] [stdout] error[E0433]: failed to resolve: could not find `Mode` in `aes`
[INFO] [stdout]   --> src/lib.rs:10:57
[INFO] [stdout]    |
[INFO] [stdout] 10 |     let mut ctx = aes::AES::new(aes::Size::AES128, aes::Mode::CTR, key, iv);
[INFO] [stdout]    |                                                         ^^^^ could not find `Mode` in `aes`
[INFO] [stdout] 
[INFO] [stdout] 
[INFO] [stdout] error[E0425]: cannot find function `aes_ctr_xcrypt_buffer` in crate `aes`
[INFO] [stdout]   --> src/lib.rs:21:14
[INFO] [stdout]    |
[INFO] [stdout] 21 |         aes::aes_ctr_xcrypt_buffer(&mut ctx, chunk);
[INFO] [stdout]    |              ^^^^^^^^^^^^^^^^^^^^^ not found in `aes`
[INFO] [stdout] 
[INFO] [stdout] 
[INFO] [stdout] error[E0433]: failed to resolve: could not find `AES` in `aes`
[INFO] [stdout]   --> src/lib.rs:10:24
[INFO] [stdout]    |
[INFO] [stdout] 10 |     let mut ctx = aes::AES::new(aes::Size::AES128, aes::Mode::CTR, key, iv);
[INFO] [stdout]    |                        ^^^ could not find `AES` in `aes`
[INFO] [stdout] 
[INFO] [stdout] 
[INFO] [stdout] error[E0433]: failed to resolve: could not find `Size` in `aes`
[INFO] [stdout]   --> src/lib.rs:10:38
[INFO] [stdout]    |
[INFO] [stdout] 10 |     let mut ctx = aes::AES::new(aes::Size::AES128, aes::Mode::CTR, key, iv);
[INFO] [stdout]    |                                      ^^^^ could not find `Size` in `aes`
[INFO] [stdout] 
[INFO] [stdout] 
[INFO] [stdout] error[E0433]: failed to resolve: could not find `Mode` in `aes`
[INFO] [stdout]   --> src/lib.rs:10:57
[INFO] [stdout]    |
[INFO] [stdout] 10 |     let mut ctx = aes::AES::new(aes::Size::AES128, aes::Mode::CTR, key, iv);
[INFO] [stdout]    |                                                         ^^^^ could not find `Mode` in `aes`
[INFO] [stdout] 
[INFO] [stdout] 
[INFO] [stdout] error[E0425]: cannot find function `aes_ctr_xcrypt_buffer` in crate `aes`
[INFO] [stdout]   --> src/lib.rs:21:14
[INFO] [stdout]    |
[INFO] [stdout] 21 |         aes::aes_ctr_xcrypt_buffer(&mut ctx, chunk);
[INFO] [stdout]    |              ^^^^^^^^^^^^^^^^^^^^^ not found in `aes`
[INFO] [stdout] 
[INFO] [stdout] 
[INFO] [stdout] error: aborting due to 4 previous errors
[INFO] [stdout] 
[INFO] [stdout] 
[INFO] [stdout] Some errors have detailed explanations: E0425, E0433.
[INFO] [stdout] 
[INFO] [stdout] For more information about an error, try `rustc --explain E0425`.
[INFO] [stdout] 
[INFO] [stderr] error: could not compile `cryptasm`.
[INFO] [stderr] 
[INFO] [stderr] To learn more, run the command again with --verbose.
[INFO] [stderr] warning: build failed, waiting for other jobs to finish...
[INFO] [stdout] error: aborting due to 4 previous errors
[INFO] [stdout] 
[INFO] [stdout] 
[INFO] [stdout] Some errors have detailed explanations: E0425, E0433.
[INFO] [stdout] 
[INFO] [stdout] For more information about an error, try `rustc --explain E0425`.
[INFO] [stdout] 
[INFO] [stderr] error: build failed
[INFO] running `Command { std: "docker" "inspect" "b5a4e942fc52252ae879a0ee1bb947e93111b09912a812a62456eff3d03b61e8", kill_on_drop: false }`
[INFO] running `Command { std: "docker" "rm" "-f" "b5a4e942fc52252ae879a0ee1bb947e93111b09912a812a62456eff3d03b61e8", kill_on_drop: false }`
[INFO] [stdout] b5a4e942fc52252ae879a0ee1bb947e93111b09912a812a62456eff3d03b61e8
